 = -7*z + 57 + 55. What is the highest common divisor of o and z?
16
Let c be (-520)/(-35) + 2/14. What is the greatest common factor of 5 and c?
5
Let p(x) = -2*x - 15. Let h be p(-11). Calculate the greatest common factor of 77 and h.
7
Suppose u + 2*y - 4 = -u, 5*u - 4*y - 19 = 0. Suppose 378 = -a + u*a. Calculate the highest common divisor of a and 21.
21
Let g(v) = v**3 + 0*v + 0 - 2 - 6*v**2 + 7*v - v. Let i be g(5). Suppose -15 - 9 = -i*d. What is the highest common divisor of d and 16?
8
Let k(f) = f**2 + 14*f - 20. Let g be k(-17). Calculate the greatest common factor of g and 31.
31
Suppose 0 = 4*w + 4*c - 104, 0 = -w + 2*w - c - 18. What is the highest common factor of 2 and w?
2
Let f(z) be the first derivative of 3*z**2/2 - 12*z + 3. Let t be f(8). Calculate the greatest common divisor of t and 4.
4
Suppose 24 = 2*a + 2*x, 3*a - a - 19 = -x. What is the highest common divisor of a and 77?
7
Suppose 0 = 3*i + 2*x - 7, 3*i - 7 = -3*x + 5. Let z be i/4 + 343/28. Calculate the greatest common factor of 4 and z.
4
Let r = -20 - -24. Calculate the greatest common divisor of 6 and r.
2
Suppose -2 = -4*j + 6. Let s be (-11 - -1)*(-1 + j). Let z = 16 + s. Calculate the highest common factor of z and 48.
6
Let i(n) = 11*n**2 + 6*n + 7. Let z be i(-1). Calculate the highest common divisor of z and 54.
6
Suppose 0 = -2*w + 2*y + 612, 0 = -w - y - 4*y + 306. Suppose 66 = -4*m + w. Calculate the highest common divisor of m and 12.
12
Let b be (5/3)/((-1)/(-18)). Let f be 668/12 + 2/(-3). Suppose 5*l - 3*h - f = 29, 5*l + 4*h - 63 = 0. What is the greatest common divisor of b and l?
15
Suppose -2*p - 2 = 10. Let i be (-3)/p - 86/(-4). What is the greatest common factor of i and 44?
22
Let t = 1 + 4. Suppose 2*y - 44 = 7*h - 2*h, -2*h - 68 = -t*y. Calculate the greatest common factor of y and 96.
12
Suppose 3*b + 42 = 5*b + 3*i, 74 = 2*b - 5*i. Suppose -4*n + 5*n - 4*z = -19, -n + 16 = 3*z. Let t = n - -8. What is the greatest common factor of t and b?
9
Suppose 0 = s - 4*j + 12, 2*j - 13 = -2*s + 13. What is the highest common factor of s and 72?
8
Let t be 152/7 - (-2)/7. Suppose -7*q = -187 + 33. What is the highest common divisor of t and q?
22
Let y = -143 - -200. Calculate the greatest common factor of 19 and y.
19
Let q = 6 - 9. Let p(h) = -3*h**3 + 4*h**2 + h - 4. Let r be p(q). Calculate the highest common divisor of 10 and r.
10
Let y(p) = p**3 + 7*p**2 - 4*p - 7. Let f be y(-7). What is the highest common divisor of 3 and f?
3
Let q be (-1 + (-9)/(-15))*-60. Calculate the highest common factor of 48 and q.
24
Suppose 4 = -p + 3*p. Suppose -3*b + 453 = 5*q - p*b, 4*q = 2*b + 368. Calculate the highest common divisor of q and 13.
13
Let o = 18 + -11. Calculate the greatest common factor of 14 and o.
7
Let s(v) = -69*v**3 + 1. Let u be s(-1). Suppose 0 = -45*p + 41*p + 40. What is the highest common factor of p and u?
10
Let m = 1 - -13. Calculate the highest common factor of 63 and m.
7
Let v = 19 - -20. Calculate the highest common factor of 78 and v.
39
Let m(d) be the third derivative of -2*d**4 + d**3/6 + d**2. Let z be m(-1). Let b be 2/(-1) + (-18)/(-2). Calculate the highest common factor of b and z.
7
Suppose -5*s + 26 = 2*a - 3*a, 0 = s + 2. Let d = a - -72. What is the highest common factor of 54 and d?
18
Suppose -v + 5*v - 24 = 0. Suppose 0 = -2*s + 4*p, -4 = -4*s - 2*p + v*p. Let m be (-3*s)/(-4 + 3). Calculate the greatest common divisor of m and 30.
6
Let o be (-8 - -7)/((-1)/2). Let j = o - 0. Calculate the highest common divisor of 3 and j.
1
Let o(f) = f**2 - 5. Suppose 3*u = 7*u - 16. Let x be o(u). Calculate the highest common divisor of 88 and x.
11
Suppose 0 = -3*g + 7*g - 24. What is the greatest common divisor of g and 66?
6
Suppose -5*s + 8*s = 12. What is the greatest common factor of s and 36?
4
Suppose -2*a - 5*a = -84. What is the highest common factor of a and 108?
12
Let w be (-1024)/(-10) + 18/(-45). What is the highest common factor of 34 and w?
34
Let z be 34/4*(2 - 0). Suppose -23 - 2 = 5*c. Let f(g) = 2*g**2 - 3*g + 3. Let h be f(c). Calculate the highest common factor of h and z.
17
Suppose 565 = 5*x + 4*g, 4*g + 341 = 4*x - 147. What is the highest common divisor of 26 and x?
13
Let i = -12 + 34. Suppose d = -d + 3*o + 9, 0 = -4*d + 2*o + i. Calculate the highest common divisor of d and 6.
6
Let z be 2/(-3) + (-2)/(-3). Let x be (0/(2/2))/1. Suppose x*k + k - 4 = z. What is the highest common divisor of k and 32?
4
Let b be (-1005)/(-35) - 5 - 2/(-7). What is the greatest common factor of b and 72?
24
Suppose -37 = 4*o - 3*j - 565, 3*o + 3*j = 396. Suppose 3*x - 21 = -2*p, p + 2*x - 8 = -2*x. Calculate the greatest common divisor of p and o.
12
Let g be ((-6)/21 - -2)*7. Suppose -5*x - 5*w = -20, -4*x = -x - 3*w - g. Suppose u - x = -u. What is the greatest common factor of u and 22?
2
Let l be -1*3*(-1 - 4/12). Calculate the greatest common divisor of l and 1.
1
Suppose -138 = -5*x + 2*x. Suppose 0 = -2*n + 2*s - 63 + 5, -3*n + s = 93. Let q = x + n. Calculate the highest common factor of 28 and q.
14
Let k(j) = -j**2 + 9*j - 3. Let d be k(6). Let o = d - 4. Let l be 11/(-4)*(-2 + -42). Calculate the highest common factor of o and l.
11
Suppose -2*g + 176 = -44. What is the highest common divisor of g and 22?
22
Suppose 4*g - 2 = -y + g, 5*y + 24 = 2*g. Let j be y/(-22) + 119/11. Calculate the highest common divisor of j and 11.
11
Let x(p) = p**3 - 6*p**2 + 4*p - 8. Let a be x(6). Suppose -2*l = -4*l. Suppose 3*s + 0*s - 144 = l. Calculate the greatest common factor of a and s.
16
Suppose 0 = 4*d - 13 - 3, 3*o + 13 = 4*d. Let p(r) = -r**2 + 8*r - 8. Let c be p(6). Calculate the highest common factor of o and c.
1
Let h be (6 - -5) + -4 - (1 - -1). Calculate the highest common divisor of h and 5.
5
Suppose -u - 60 = -7*u. What is the highest common divisor of u and 4?
2
Let s(k) = 6*k**2 + 18. Let p be s(6). Calculate the greatest common factor of 26 and p.
26
Let t(w) be the second derivative of 5*w**3/6 - 3*w**2/2 + 3*w. Let j be t(4). What is the greatest common factor of j and 119?
17
Let v = 71 - 48. What is the greatest common factor of 92 and v?
23
Let g be (20 - 7)*(-2 - -3). Let f(p) = 9*p**2 + 3*p - 3. Let c be f(2). Calculate the highest common divisor of g and c.
13
Suppose 240 = -0*l + 4*l. Let v(d) = d**3 + 8*d**2 + 6. Let p = -27 + 19. Let f be v(p). Calculate the highest common divisor of l and f.
6
Let j = -3 - -1. Let w be -1 - j - (-2 - -3). Suppose w*a - 22 = -a. Calculate the greatest common factor of a and 198.
22
Suppose -1 = -0*b + b. Let n be 91/((2/b)/(-2)). Calculate the highest common divisor of n and 13.
13
Let c(o) be the second derivative of 3*o**2 + o**3 + 1/6*o**4 - o + 0. Let y be c(-4). What is the greatest common divisor of 56 and y?
14
Let x be 3/(-5) - 12/(-20). Suppose x = 2*h + h + 39. Let f = -5 - h. What is the greatest common factor of f and 88?
8
Suppose -r = 2*h + 458 - 1337, r + 441 = h. Suppose -t = -6*t + h. Let b = -6 - -14. Calculate the highest common factor of t and b.
8
Let g be 6 - -3 - (-3 - -6). Calculate the greatest common factor of g and 24.
6
Let r = 256 + -112. Calculate the greatest common divisor of 16 and r.
16
Suppose 13 = -2*s - 3. Let c(l) = l - 1. Let u(y) = -y + 2. Let k(p) = -2*c(p) - u(p). Let i be k(s). Calculate the greatest common factor of i and 40.
8
Let w(k) = -k**3 + 9*k**2 + 7*k + 7. Let y be w(9). Calculate the highest common factor of y and 10.
10
Suppose 2*u - 10 = a, -5*u - 3*a + 34 = -a. Suppose -3*b = -u*b + 297. What is the highest common factor of b and 11?
11
Let v(x) = x**3 + 15*x**2 + 19*x + 19. Let q be v(-14). Let m = 75 + q. What is the highest common divisor of 8 and m?
8
Suppose 163 = 3*s + 19. Let q(n) be the third derivative of n**4/24 + 2*n**3 + n**2. Let f be q(0). What is the highest common factor of s and f?
12
Let n be (-9 - -1)*(-20)/10. What is the greatest common divisor of 2 and n?
2
Let s = 1 - 0. Suppose -2*y + 3*b = 2*b - 11, -3*y = 4*b + 11. Suppose y*m = -4*t + 8, t + 4 = -0. What is the greatest common factor of m and s?
1
Suppose 4*i = -5*z + 123, -3*z - 1 + 10 = 0. Suppose 5*t = t + 12. Suppose -t*y + 6 = -3. What is the greatest common factor of y and i?
3
Let z be (-4 - (-6)/2) + 